*b - 6*b**3 + b**2 + 17*b + b + 15. Let m(u) = -3*o(u) - 8*y(u). Is m(5) a composite number?
True
Suppose 0 = 5*w - 3*w + 34. Let c = -14 - w. Suppose c*a = 2*a + 11. Is a a prime number?
True
Let l(o) = -4*o**3 + 2*o**2 - 6*o - 5. Let p be 2 + -2 + (34 - 2). Suppose p - 8 = -6*j. Is l(j) a prime number?
True
Suppose 6*r = r + 7265. Let z = r - 822. Is z prime?
True
Suppose b + b + 10 = 4*z, z + 3 = -5*b. Suppose 2*x + 976 = z*w, 3*w + x = -4*x + 1440. Is w composite?
True
Let o = -5 - -3. Let x be 3/o*2*-5. Suppose x = 3*q, -360 = -5*y + 4*q - 2*q. Is y composite?
True
Suppose 32 = 5*l - 8. Let o(x) = x**2 + 7*x - 3. Let y be o(l). Suppose -120 - y = -3*a. Is a prime?
True
Let k(g) = g + 1. Let t be k(1). Suppose -j = -t*j + 40. Suppose -2*n + 2*m = -j, -4*n - m = -1 - 94. Is n a prime number?
True
Is (29 - 27)*(-57029)/(-2) prime?
False
Let u be (-1)/((-3)/(-234)*-3). Suppose -t + u = 22. Is 1426/1*2/t composite?
True
Suppose -178 + 31 = -3*s. Is 21/s + (-5104)/(-14) prime?
False
Let g = -88 - -93. Is (-3)/(-2)*(114900/18)/g a composite number?
True
Suppose -2*i + 6*i = -12, -553 = -5*c - 4*i. Suppose 2*h = 3*h - c. Let y = 412 - h. Is y prime?
False
Let z = 1938 + -143. Is z composite?
True
Suppose -7*h + 20925 = 8*h. Is 8/44 + h/11 composite?
False
Let k(b) = -12*b + 38. Let w be k(3). Suppose -2*n - 3*v = -190 - 87, 4*v = w*n - 298. Is n a composite number?
True
Let d = 32 + -12. Let r = -16 + d. Suppose -2*k - 3*m = -43, -5*k + 6*m = r*m - 60. Is k composite?
True
Suppose -2*n - 3*m = -1030, 0*m - 3*m + 1539 = 3*n. Let x = 20 + n. Is x composite?
True
Let x(f) = -156*f**3 + 3*f**2 - 9*f - 15. Let w be x(-4). Suppose 2*n - 7*n = 4*k - 13402, 0 = -3*k - 3*n + w. Is k a prime number?
False
Is 7680/5 - (5 - 12) prime?
True
Let j(s) = 153*s**2 - 6*s + 47. Is j(-6) composite?
False
Suppose 2*k - 5333 = 70869. Is k prime?
False
Suppose 9*m - 25*m + 26768 = 0. Is m prime?
False
Suppose -c = -5*c. Suppose -p + 2 = -c. Suppose -382 = -0*s - p*s. Is s prime?
True
Let b(p) = p**3 + 3*p**2 + 3*p + 4. Let v be b(-2). Suppose -v*r = -7*r + 6065. Is r a composite number?
False
Let g(k) = 44*k**2 - 3*k - 33. Let c be g(-5). Suppose -72*s = -70*s - c. Is s a composite number?
False
Suppose 112998 + 153151 = 13*r. Is r composite?
True
Let c be ((-4864)/(-57))/(1/3). Suppose 3*k = 5*v - 4*v + 69, 3*v + 4*k + 207 = 0. Let r = c + v. Is r composite?
True
Suppose -5*y + t - 8 = -0*y, 0 = 3*y + 4*t - 9. Let h(b) = 141*b**2 + b + 2. Is h(y) prime?
False
Let w be -38 + (4/(12/(-15)) - -4). Let a = 5 + -13. Let f = a - w. Is f a prime number?
True
Let b be (-1)/((-36)/20 - -2). Let y(f) = -f**3 + 3*f**2 + 5*f + 3. Is y(b) a composite number?
True
Suppose -3*v + 2244 = -0*v. Let p = v - 421. Is p a composite number?
True
Suppose l = -0*l + 155. Suppose o = 71 + l. Is o a composite number?
True
Suppose 5*b + u = 83, b = -9*u + 4*u + 7. Suppose 0 = -4*v - 8, 2*x = 2*v + b - 1. Suppose -2*o = -x*o + 628. Is o composite?
False
Let f be 2 + -4 - (3 + (-6 - 1)). Is 573 - 0 - -2 - f prime?
False
Let u = 0 - -3. Suppose -2*p - u*p + 200 = 0. Is (-16)/p - (-937)/5 composite?
True
Let t = 3 - 51. Let q = -509 + t. Let a = -340 - q. Is a composite?
True
Suppose -30 = -3*m - 5*n, 3*m + n - 27 = -3*n. Suppose -2*j - m = -3*j. Let k(c) = 30*c + 7. Is k(j) prime?
True
Let l be (0 - -1)*2 - -6. Let p(z) = z**3 - 4*z**2 - 7*z + 11. Is p(l) prime?
True
Suppose 170 = 7*r - 2*r. Let m = 61 - 65. Is (r - 0)*(-6)/m a composite number?
True
Suppose 6*i - 121461 = -27915. Is i a prime number?
False
Let s be (-2715)/(-13) - 32/(-208). Let k = 426 + s. Is k composite?
True
Let s(a) = 4*a**2 - 8*a - 1. Suppose 3*c = 5*c + 28. Let m be c/(-21) + (-23)/3. Is s(m) composite?
False
Let u(b) = 3930*b**2 + 5*b + 4. Let v be u(-1). Suppose 3*s - 250 = v. Is s a prime number?
False
Is (6623427/(-164))/((-3)/28) composite?
True
Suppose 22*p = 12*p + 14690. Is p composite?
True
Suppose -3*f + 36039 = -5*s, -3*f - f + 3*s + 48052 = 0. Is f prime?
False
Let m(b) = 90*b**2 - 7. Is m(6) a prime number?
False
Let v = -221190 - -312717. Is v composite?
True
Let h = 26812 - 14297. Is h a prime number?
False
Let o = 6 - 5. Let u be (-4761)/(-12) - o/(-4). Suppose -m = -4*a - u, -m - 3*m - 4*a = -1588. Is m a prime number?
True
Let f = -16199 - -23172. Is f a composite number?
True
Let i = 8 + -5. Suppose 0 = -2*h - 2*p + 10, 0*h = 2*h - i*p - 5. Is ((-2)/3)/(h/(-126)) prime?
False
Suppose -v + 0*v + 11 = 0. Let u(f) = 4*f**3 - 4*f**2 - 2*f - 7. Let r(n) = -19*n**3 + 21*n**2 + 11*n + 36. Let k(z) = v*u(z) + 2*r(z). Is k(4) composite?
False
Let l(y) = 15*y**2 + 7*y - 9. Let f(q) = -22*q**2 - 11*q + 14. Let v(z) = -5*f(z) - 7*l(z). Is v(-14) a composite number?
True
Let y(u) = 43*u - 16. Let h be (-1)/2 + 38/4. Is y(h) a composite number?
True
Suppose -4*t = -x + 1, 2*t + x - 1 = -0*x. Suppose 5*f - 1935 = -2*o, 2*f - 1762 = -4*o + 2116. Suppose -2*w + o = -t*w. Is w a prime number?
False
Suppose -3*g + 2*g = 75. Let i = g - -200. Let p = i + 76. Is p a composite number?
True
Suppose -3*x - r = -1336, 5*x + 200 - 2436 = -4*r. Suppose d + 2606 = 5*f, f - x = 3*d + 80. Is f composite?
False
Let h = 26 - 30. Let d = 7 + h. Suppose 0 = -o - d*w + 257, -6*o = -o + 5*w - 1285. Is o a prime number?
True
Suppose -o + 666 = -4*z, -7*z + 2*z + o = 833. Let r = z - -358. Is r a prime number?
True
Let s = 3249 + 788. Is s a prime number?
False
Let v(g) = -g + 11. Let i be v(9). Let b be 15/(1 + i)*47. Suppose -b = 5*j - 680. Is j a prime number?
True
Suppose -4*l + 1908 = 3*i, -628 = -i - 5*l + l. Suppose i = 6*p - 2414. Is p a prime number?
True
Suppose 3*n + 5*g + 6126 - 22853 = 0, -22322 = -4*n + 3*g. Is n a prime number?
False
Let k(b) = -235*b + 40. Is k(-13) composite?
True
Let z be (1 - 2)*-3 - 11. Let c(s) = -s**3 - 8*s**2 + s + 10. Let u be c(z). Is u + (-4)/(12/(-1347)) a composite number?
True
Let u be (5/(-3))/((-15)/18). Let i(z) = 520*z**2 - 3*z + 1. Let f be i(u). Suppose 151 - f = -4*k. Is k prime?
False
Let l = -15 - -25. Let r be (l/20)/(2/36). Is (2 - 5)/r*-381 composite?
False
Suppose 7 = 3*v - 2. Suppose -v*y - 5*g = -2*y - 47, -2*y = -g - 138. Is y a prime number?
True
Let o(n) = -5*n**3 - 11*n**2 + 1 - 8*n - 2*n**3 + n**2 + 5*n**3. Is o(-6) a prime number?
False
Suppose -5*s = -10 - 5. Suppose -s*n + 0*n + 195 = 0. Let c = 276 - n. Is c a composite number?
False
Is 101546/(-35)*-5 + (-9)/(-21) a composite number?
True
Let n(h) = 0 + 9 + 69*h - 8. Suppose 3*f - 6 = -0*f. Is n(f) a prime number?
True
Let g(d) be the third derivative of d**5/3 - 13*d**4/24 - 5*d**3/6 + 15*d**2. Is g(8) a composite number?
False
Suppose 0*q = n - q - 298, -n + 306 = -5*q. Suppose 4*h + n = 2*u, 7*h - 2*h = u - 133. Is u a composite number?
True
Suppose 0 = -2*j - 3*l + 3533, -3*j + 5302 = -5*l + 7*l. Suppose 0 = -9*t + 11*t. Suppose 8*c + j - 8144 = t. Is c a composite number?
False
Suppose 0*y + 177 = -3*y. Let v = 98 + y. Is v a composite number?
True
Let g(b) = b**3 + 38*b**2 + 3*b + 77. Is g(-30) a prime number?
True
Suppose 0 = 17*y - 12*y - 2645. Is y composite?
True
Let q be (-4)/16*-354*-16. Let i be 4/(-18) + q/(-54). Suppose 2*v - v = i. Is v a prime number?
False
Let o be -4 - (5 + -1 - 12). Suppose 7697 = o*c - 2915. Is c a composite number?
True
Suppose 18*o = -7*o + 164525. Is o a composite number?
False
Let o(w) = 20*w**2 - 61. Is o(10) a prime number?
False
Suppose -2*s = 2*p - 1110, 2*s + p - 709 = 399. Is s a composite number?
True
Let v(m) = -2375*m + 320. Is v(-7) composite?
True
Suppose -4*v + 20*y - 25*y + 749333 = 0, -5*y - 374689 = -2*v. Is v prime?
True
Let h(j) = 17*j**2 - 64*j - 4. Let p be h(-15). Suppose -18*g + 25*g = p. Is g a prime number?
True
Let f = 13749 + -9548. Is f a prime number?
True
Suppose 3*x - 8023 = -4*c, -2*c = -3*c + 3*x + 2002. Is c a composite number?
True
Let a(r) = 31525*r**3 - r**2 - 2*r + 1. Is a(1) prime?
False
Let g be (3 + 1)*(3 + (-124)/16). Is (g/6 - -3) + 40972/24 a prime number?
False
Suppose -f - 4 - 16 = -4*o, -4*o - f + 20 = 0. Let i(b) = 1009*b + 2. Let d be i(7). Suppose -d = -5*c - o*p, 2*p = c - 2*c + 1411. Is c a prime number?
False
Suppose -2*g + 1224 = -4*d, -3*d - 612 = -d + g. Let o = -145 - d. Is o a prime number?
False
Suppose -3*b = b + 12. L